{"id":112,"date":"2015-06-02T15:25:30","date_gmt":"2015-06-02T15:25:30","guid":{"rendered":"http:\/\/arcofluid.fr\/?page_id=112"},"modified":"2015-08-22T16:39:00","modified_gmt":"2015-08-22T16:39:00","slug":"flair-gallery","status":"publish","type":"page","link":"https:\/\/arcofluid.fr\/index.php\/flair-gallery\/","title":{"rendered":"Flair Etudes de cas en chauffage, ventilation, climatisation &#038; feu"},"content":{"rendered":"<div id=\"pl-112\"  class=\"panel-layout\" ><div id=\"pg-112-0\"  class=\"panel-grid panel-no-style\" ><div id=\"pgc-112-0-0\"  class=\"panel-grid-cell\" ><div id=\"panel-112-0-0-0\" class=\"so-panel widget widget_headline-widget panel-first-child panel-last-child\" data-index=\"0\" >\t\t<h1>PHOENICS\/FLAIR Cases of HVAC, Fire, Ventilation and Wind energy<\/h1>\n\t\t<div class=\"decoration\"><div class=\"decoration-inside\"><\/div><\/div>\n\t\t<h3>Selected cases<\/h3>\n\t\t<\/div><\/div><\/div><div id=\"pg-112-1\"  class=\"panel-grid panel-no-style\" ><div id=\"pgc-112-1-0\"  class=\"panel-grid-cell\" ><div id=\"panel-112-1-0-0\" class=\"so-panel widget widget_black-studio-tinymce widget_black_studio_tinymce panel-first-child panel-last-child\" data-index=\"1\" ><h3 class=\"widget-title\">Wind,Urban flows<\/h3><div class=\"textwidget\"><p><div id=\"attachment_37\" style=\"width: 160px\" class=\"wp-caption alignleft\"><a href=\"http:\/\/arcofluid.fr\/wp-content\/uploads\/2015\/05\/course-2mn.jpg\"><img loading=\"lazy\" decoding=\"async\" aria-describedby=\"caption-attachment-37\" class=\"wp-image-37 size-thumbnail\" src=\"http:\/\/arcofluid.fr\/wp-content\/uploads\/2015\/05\/course-2mn-150x150.jpg\" alt=\"Flow around buildings\" width=\"150\" height=\"150\" \/><\/a><p id=\"caption-attachment-37\" class=\"wp-caption-text\">Flow around buildings<\/p><\/div><\/p>\n<p>\u00a0<\/p>\n<p>\u00a0<\/p>\n<p>\u00a0<\/p>\n<p>\u00a0<\/p>\n<p>\u00a0<\/p>\n<p>\u00a0<\/p>\n<p>\u00a0<\/p>\n<p><a href=\"http:\/\/arcofluid.fr\/wp-content\/uploads\/2015\/06\/CCS_Flow_Around_Buildings.pdf\" target=\"_blank\">Flow Around Buildings<\/a><\/p>\n<p><a href=\"http:\/\/arcofluid.fr\/wp-content\/uploads\/2015\/06\/CCS_Flow_Around_Buildings_2.pdf\" target=\"_blank\">Flow Around Buildings 2<\/a><\/p>\n<p><a href=\"http:\/\/arcofluid.fr\/wp-content\/uploads\/2015\/06\/Internal_Flow_within-_Multi-storey_Building.pdf\" target=\"_blank\">Internal Flow within Multi-story Building<\/a><\/p>\n<p><a href=\"http:\/\/arcofluid.fr\/wp-content\/uploads\/2015\/06\/CFD_to_Environmental.pdf\" target=\"_blank\">CFD for Environmental situations<\/a><\/p>\n<p><a href=\"http:\/\/arcofluid.fr\/wp-content\/uploads\/2015\/06\/ccs_urban_wind_flows_ava.pdf\" target=\"_blank\">Urban wind flows<\/a><\/p>\n<p><a href=\"http:\/\/arcofluid.fr\/wp-content\/uploads\/2015\/06\/Motor_Vehicle_Pollution_in_Urban_Environments.pdf\" target=\"_blank\">Motor Vehicle Pollution in Urban Environments<\/a><\/p>\n<p><a href=\"http:\/\/arcofluid.fr\/wp-content\/uploads\/2015\/06\/Pollutant_Dispersion_Around_Buildings.pdf\" target=\"_blank\">Pollutant Dispersion Around Buildings<\/a><\/p>\n<p><a href=\"http:\/\/arcofluid.fr\/wp-content\/uploads\/2015\/06\/CCS_Wind_Energy.pdf\" target=\"_blank\">Wind Energy Study<\/a><\/p>\n<\/div><\/div><\/div><div id=\"pgc-112-1-1\"  class=\"panel-grid-cell\" ><div id=\"panel-112-1-1-0\" class=\"so-panel widget widget_black-studio-tinymce widget_black_studio_tinymce panel-first-child panel-last-child\" data-index=\"2\" ><h3 class=\"widget-title\">Fire, Smoke<\/h3><div class=\"textwidget\"><p><div id=\"attachment_190\" style=\"width: 160px\" class=\"wp-caption alignleft\"><a href=\"http:\/\/arcofluid.fr\/wp-content\/uploads\/2015\/06\/firetunnel.jpg\"><img loading=\"lazy\" decoding=\"async\" aria-describedby=\"caption-attachment-190\" class=\"size-thumbnail wp-image-190\" src=\"http:\/\/arcofluid.fr\/wp-content\/uploads\/2015\/06\/firetunnel-150x150.jpg\" alt=\"Fire in tunnel\" width=\"150\" height=\"150\" \/><\/a><p id=\"caption-attachment-190\" class=\"wp-caption-text\">Fire in tunnel<\/p><\/div><\/p>\n<p>\u00a0<\/p>\n<p>\u00a0<\/p>\n<p>\u00a0<\/p>\n<p>\u00a0<\/p>\n<p>\u00a0<\/p>\n<p>\u00a0<\/p>\n<p>\u00a0<\/p>\n<p><a href=\"http:\/\/arcofluid.fr\/wp-content\/uploads\/2015\/06\/CS_Airport_Fire_Simulation.pdf\" target=\"_blank\">Airport Fire Simulation<\/a><\/p>\n<p><a href=\"http:\/\/arcofluid.fr\/wp-content\/uploads\/2015\/06\/CS_FIRES_ROAD_RAILWAY_TUNNEL.pdf\" target=\"_blank\">Fire in Road and Railway Tunnel<\/a><\/p>\n<p><a href=\"http:\/\/arcofluid.fr\/wp-content\/uploads\/2015\/06\/CCS_Fire_in_Underground_Railway_Station.pdf\" target=\"_blank\">Fire in Underground Railway Station<\/a><\/p>\n<p><a href=\"http:\/\/arcofluid.fr\/wp-content\/uploads\/2015\/06\/CCS-Sprinkler_Fire_Supression_Study.pdf\" target=\"_blank\">Sprinkler Fire Suppression Study<\/a><\/p>\n<p><a href=\"http:\/\/arcofluid.fr\/wp-content\/uploads\/2015\/06\/Modelling-Tunnel_ventilation_under_fire.pdf\" target=\"_blank\">Modeling Tunnel ventilation systems under fire<\/a><\/p>\n<p><a href=\"http:\/\/arcofluid.fr\/wp-content\/uploads\/2015\/06\/Building_Environment_fire_safety.pdf\" target=\"_blank\">Building Environment fire safety<\/a><\/p>\n<p><a href=\"http:\/\/arcofluid.fr\/wp-content\/uploads\/2015\/06\/CCS-Wembley_Stadium_Fire_Study.pdf\" target=\"_blank\">Wembley Stadium Fire Study<\/a><\/p>\n<p><a href=\"http:\/\/arcofluid.fr\/wp-content\/uploads\/2015\/06\/Modelling_of_car_park_fires.pdf\" target=\"_blank\">Modeling of car park fires<\/a><\/p>\n<p><a href=\"http:\/\/arcofluid.fr\/wp-content\/uploads\/2015\/06\/simulation_fire_underground_parking_Annecy_City_Hall.pdf\" target=\"_blank\">Simulation of fire in underground parking of Annecy City Hall<\/a><\/p>\n<p><a href=\"http:\/\/arcofluid.fr\/wp-content\/uploads\/2015\/06\/CS_Spiral_Car_Park_Fire.pdf\" target=\"_blank\">Spiral Car Park in Fire<\/a><\/p>\n<p><a href=\"http:\/\/arcofluid.fr\/wp-content\/uploads\/2015\/06\/CCS_fire_hazard_car_parks.pdf\" target=\"_blank\">Fire hazard car parks<\/a><\/p>\n<\/div><\/div><\/div><\/div><div id=\"pg-112-2\"  class=\"panel-grid panel-no-style\" ><div id=\"pgc-112-2-0\"  class=\"panel-grid-cell\" ><div id=\"panel-112-2-0-0\" class=\"so-panel widget widget_black-studio-tinymce widget_black_studio_tinymce panel-first-child panel-last-child\" data-index=\"3\" ><h3 class=\"widget-title\">Ventilation<\/h3><div class=\"textwidget\"><p><div id=\"attachment_279\" style=\"width: 160px\" class=\"wp-caption alignleft\"><a href=\"http:\/\/arcofluid.fr\/wp-content\/uploads\/2015\/06\/railway-station.jpg\" target=\"_blank\"><img loading=\"lazy\" decoding=\"async\" aria-describedby=\"caption-attachment-279\" class=\"size-thumbnail wp-image-279\" src=\"http:\/\/arcofluid.fr\/wp-content\/uploads\/2015\/06\/railway-station-150x150.jpg\" alt=\"Railway station ventilatio\" width=\"150\" height=\"150\" \/><\/a><p id=\"caption-attachment-279\" class=\"wp-caption-text\">Railway station ventilation<\/p><\/div><\/p>\n<p>\u00a0<\/p>\n<p>\u00a0<\/p>\n<p>\u00a0<\/p>\n<p>\u00a0<\/p>\n<p>\u00a0<\/p>\n<p>\u00a0<\/p>\n<p>\u00a0<\/p>\n<p><a href=\"http:\/\/arcofluid.fr\/wp-content\/uploads\/2015\/06\/CCS_AviaryVentilation.pdf\" target=\"_blank\">Aviary Ventilation<\/a><\/p>\n<p><a href=\"http:\/\/arcofluid.fr\/wp-content\/uploads\/2015\/06\/CCS_Natatorium_Ventilation.pdf\" target=\"_blank\">Natatorium Ventilation<\/a><\/p>\n<p><a href=\"http:\/\/arcofluid.fr\/wp-content\/uploads\/2015\/06\/CS_Natural_Ventilation_Test_Case.pdf\" target=\"_blank\">Natural Ventilation Test Case<\/a><\/p>\n<p><a href=\"http:\/\/arcofluid.fr\/wp-content\/uploads\/2015\/06\/CS_Wine_Cellar_Ventilation.pdf\" target=\"_blank\">Wine Cellar Ventilation<\/a><\/p>\n<p>\u00a0<\/p>\n<\/div><\/div><\/div><div id=\"pgc-112-2-1\"  class=\"panel-grid-cell\" ><div id=\"panel-112-2-1-0\" class=\"so-panel widget widget_black-studio-tinymce widget_black_studio_tinymce panel-first-child panel-last-child\" data-index=\"4\" ><h3 class=\"widget-title\">HVAC<\/h3><div class=\"textwidget\"><p><div id=\"attachment_200\" style=\"width: 160px\" class=\"wp-caption alignleft\"><a href=\"http:\/\/arcofluid.fr\/wp-content\/uploads\/2015\/06\/flowaroundbuildings.jpg\"><img loading=\"lazy\" decoding=\"async\" aria-describedby=\"caption-attachment-200\" class=\"wp-image-200 size-thumbnail\" src=\"http:\/\/arcofluid.fr\/wp-content\/uploads\/2015\/06\/flowaroundbuildings-150x150.jpg\" alt=\"flow around buildings\" width=\"150\" height=\"150\" \/><\/a><p id=\"caption-attachment-200\" class=\"wp-caption-text\">flow around buildings<\/p><\/div><\/p>\n<p>\u00a0<\/p>\n<p>\u00a0<\/p>\n<p>\u00a0<\/p>\n<p>\u00a0<\/p>\n<p>\u00a0<\/p>\n<p>\u00a0<\/p>\n<p>\u00a0<\/p>\n<p><a href=\"http:\/\/arcofluid.fr\/wp-content\/uploads\/2015\/06\/Advances_in_combined_building_thermal_simulations_and_prediction.pdf\" target=\"_blank\">Advances in combined building thermal simulations_and_prediction<\/a><\/p>\n<p><a href=\"http:\/\/arcofluid.fr\/wp-content\/uploads\/2015\/06\/Air_Change_Effectiveness_green_star.pdf\" target=\"_blank\">Air Change Effectiveness green star<\/a><\/p>\n<p><a href=\"http:\/\/arcofluid.fr\/wp-content\/uploads\/2015\/06\/CFD_FOR_SPORTS_ARENA_AND_STADIA_design.pdf\" target=\"_blank\">CFD for sports arena and stadium design<\/a><\/p>\n<p><a href=\"http:\/\/arcofluid.fr\/wp-content\/uploads\/2015\/06\/SAFETY_ANALYSIS_OF_OFFSHORE_AND_UNDERGROUND_CONSTRUCTIONS.pdf\" target=\"_blank\">Safety analysis of offshore and underground constructions<\/a><\/p>\n<\/div><\/div><\/div><\/div><\/div>","protected":false},"excerpt":{"rendered":"<p>\u00a0\u00a0\u00a0\u00a0\u00a0\u00a0\u00a0Flow Around BuildingsFlow Around Buildings 2Internal Flow within Multi-story BuildingCFD for Environmental situationsUrban wind flowsMotor Vehicle Pollution in Urban EnvironmentsPollutant Dispersion Around BuildingsWind Energy Study \u00a0\u00a0\u00a0\u00a0\u00a0\u00a0\u00a0Airport Fire SimulationFire in Road and Railway TunnelFire in Underground Railway StationSprinkler Fire Suppression StudyModeling Tunnel ventilation systems under fireBuilding Environment fire safetyWembley Stadium Fire StudyModeling of car park firesSimulation [&hellip;]<\/p>\n","protected":false},"author":5,"featured_media":0,"parent":0,"menu_order":0,"comment_status":"closed","ping_status":"closed","template":"home-panels.php","meta":{"footnotes":""},"class_list":["post-112","page","type-page","status-publish","hentry","post"],"yoast_head":"<!-- This site is optimized with the Yoast SEO plugin v27.1.1 - https:\/\/yoast.com\/product\/yoast-seo-wordpress\/ -->\n<title>\u00e9tudes incendie, ventilation, chaleur - Arcofluid<\/title>\n<meta name=\"description\" content=\"CVC, \u00e9tudes incendie, ventilation, \u00e9oliennes, flux autour des b\u00e2timents, urbain, Feu, Fum\u00e9e. Confort thermique. Climat, Dispersion des polluants.\" \/>\n<meta name=\"robots\" content=\"index, follow, max-snippet:-1, max-image-preview:large, max-video-preview:-1\" \/>\n<link rel=\"canonical\" href=\"https:\/\/arcofluid.fr\/index.php\/flair-gallery\/\" \/>\n<meta property=\"og:locale\" content=\"fr_FR\" \/>\n<meta property=\"og:type\" content=\"article\" \/>\n<meta property=\"og:title\" content=\"\u00e9tudes incendie, ventilation, chaleur - Arcofluid\" \/>\n<meta property=\"og:description\" content=\"CVC, \u00e9tudes incendie, ventilation, \u00e9oliennes, flux autour des b\u00e2timents, urbain, Feu, Fum\u00e9e. Confort thermique. Climat, Dispersion des polluants.\" \/>\n<meta property=\"og:url\" content=\"https:\/\/arcofluid.fr\/index.php\/flair-gallery\/\" \/>\n<meta property=\"og:site_name\" content=\"arcofluid\" \/>\n<meta property=\"article:modified_time\" content=\"2015-08-22T16:39:00+00:00\" \/>\n<meta property=\"og:image\" content=\"http:\/\/arcofluid.fr\/wp-content\/uploads\/2015\/05\/course-2mn-150x150.jpg\" \/>\n<meta name=\"twitter:card\" content=\"summary_large_image\" \/>\n<meta name=\"twitter:label1\" content=\"Dur\u00e9e de lecture estim\u00e9e\" \/>\n\t<meta name=\"twitter:data1\" content=\"1 minute\" \/>\n<script type=\"application\/ld+json\" class=\"yoast-schema-graph\">{\"@context\":\"https:\/\/schema.org\",\"@graph\":[{\"@type\":\"WebPage\",\"@id\":\"https:\/\/arcofluid.fr\/index.php\/flair-gallery\/\",\"url\":\"https:\/\/arcofluid.fr\/index.php\/flair-gallery\/\",\"name\":\"\u00e9tudes incendie, ventilation, chaleur - Arcofluid\",\"isPartOf\":{\"@id\":\"https:\/\/arcofluid.fr\/#website\"},\"primaryImageOfPage\":{\"@id\":\"https:\/\/arcofluid.fr\/index.php\/flair-gallery\/#primaryimage\"},\"image\":{\"@id\":\"https:\/\/arcofluid.fr\/index.php\/flair-gallery\/#primaryimage\"},\"thumbnailUrl\":\"http:\/\/arcofluid.fr\/wp-content\/uploads\/2015\/05\/course-2mn-150x150.jpg\",\"datePublished\":\"2015-06-02T15:25:30+00:00\",\"dateModified\":\"2015-08-22T16:39:00+00:00\",\"description\":\"CVC, \u00e9tudes incendie, ventilation, \u00e9oliennes, flux autour des b\u00e2timents, urbain, Feu, Fum\u00e9e. Confort thermique. Climat, Dispersion des polluants.\",\"breadcrumb\":{\"@id\":\"https:\/\/arcofluid.fr\/index.php\/flair-gallery\/#breadcrumb\"},\"inLanguage\":\"fr-FR\",\"potentialAction\":[{\"@type\":\"ReadAction\",\"target\":[\"https:\/\/arcofluid.fr\/index.php\/flair-gallery\/\"]}]},{\"@type\":\"ImageObject\",\"inLanguage\":\"fr-FR\",\"@id\":\"https:\/\/arcofluid.fr\/index.php\/flair-gallery\/#primaryimage\",\"url\":\"http:\/\/arcofluid.fr\/wp-content\/uploads\/2015\/05\/course-2mn-150x150.jpg\",\"contentUrl\":\"http:\/\/arcofluid.fr\/wp-content\/uploads\/2015\/05\/course-2mn-150x150.jpg\"},{\"@type\":\"BreadcrumbList\",\"@id\":\"https:\/\/arcofluid.fr\/index.php\/flair-gallery\/#breadcrumb\",\"itemListElement\":[{\"@type\":\"ListItem\",\"position\":1,\"name\":\"Home\",\"item\":\"https:\/\/arcofluid.fr\/\"},{\"@type\":\"ListItem\",\"position\":2,\"name\":\"Flair Etudes de cas en chauffage, ventilation, climatisation &#038; feu\"}]},{\"@type\":\"WebSite\",\"@id\":\"https:\/\/arcofluid.fr\/#website\",\"url\":\"https:\/\/arcofluid.fr\/\",\"name\":\"arcofluid\",\"description\":\"Service et logiciels en m\u00e9canique des fluides\",\"publisher\":{\"@id\":\"https:\/\/arcofluid.fr\/#organization\"},\"potentialAction\":[{\"@type\":\"SearchAction\",\"target\":{\"@type\":\"EntryPoint\",\"urlTemplate\":\"https:\/\/arcofluid.fr\/?s={search_term_string}\"},\"query-input\":{\"@type\":\"PropertyValueSpecification\",\"valueRequired\":true,\"valueName\":\"search_term_string\"}}],\"inLanguage\":\"fr-FR\"},{\"@type\":\"Organization\",\"@id\":\"https:\/\/arcofluid.fr\/#organization\",\"name\":\"Arcofluid\",\"url\":\"https:\/\/arcofluid.fr\/\",\"logo\":{\"@type\":\"ImageObject\",\"inLanguage\":\"fr-FR\",\"@id\":\"https:\/\/arcofluid.fr\/#\/schema\/logo\/image\/\",\"url\":\"https:\/\/arcofluid.fr\/wp-content\/uploads\/2015\/08\/Arcofluidfrlogor-e1439678519705.png\",\"contentUrl\":\"https:\/\/arcofluid.fr\/wp-content\/uploads\/2015\/08\/Arcofluidfrlogor-e1439678519705.png\",\"width\":383,\"height\":51,\"caption\":\"Arcofluid\"},\"image\":{\"@id\":\"https:\/\/arcofluid.fr\/#\/schema\/logo\/image\/\"}}]}<\/script>\n<!-- \/ Yoast SEO plugin. -->","yoast_head_json":{"title":"\u00e9tudes incendie, ventilation, chaleur - Arcofluid","description":"CVC, \u00e9tudes incendie, ventilation, \u00e9oliennes, flux autour des b\u00e2timents, urbain, Feu, Fum\u00e9e. Confort thermique. Climat, Dispersion des polluants.","robots":{"index":"index","follow":"follow","max-snippet":"max-snippet:-1","max-image-preview":"max-image-preview:large","max-video-preview":"max-video-preview:-1"},"canonical":"https:\/\/arcofluid.fr\/index.php\/flair-gallery\/","og_locale":"fr_FR","og_type":"article","og_title":"\u00e9tudes incendie, ventilation, chaleur - Arcofluid","og_description":"CVC, \u00e9tudes incendie, ventilation, \u00e9oliennes, flux autour des b\u00e2timents, urbain, Feu, Fum\u00e9e. Confort thermique. Climat, Dispersion des polluants.","og_url":"https:\/\/arcofluid.fr\/index.php\/flair-gallery\/","og_site_name":"arcofluid","article_modified_time":"2015-08-22T16:39:00+00:00","og_image":[{"url":"http:\/\/arcofluid.fr\/wp-content\/uploads\/2015\/05\/course-2mn-150x150.jpg","type":"","width":"","height":""}],"twitter_card":"summary_large_image","twitter_misc":{"Dur\u00e9e de lecture estim\u00e9e":"1 minute"},"schema":{"@context":"https:\/\/schema.org","@graph":[{"@type":"WebPage","@id":"https:\/\/arcofluid.fr\/index.php\/flair-gallery\/","url":"https:\/\/arcofluid.fr\/index.php\/flair-gallery\/","name":"\u00e9tudes incendie, ventilation, chaleur - Arcofluid","isPartOf":{"@id":"https:\/\/arcofluid.fr\/#website"},"primaryImageOfPage":{"@id":"https:\/\/arcofluid.fr\/index.php\/flair-gallery\/#primaryimage"},"image":{"@id":"https:\/\/arcofluid.fr\/index.php\/flair-gallery\/#primaryimage"},"thumbnailUrl":"http:\/\/arcofluid.fr\/wp-content\/uploads\/2015\/05\/course-2mn-150x150.jpg","datePublished":"2015-06-02T15:25:30+00:00","dateModified":"2015-08-22T16:39:00+00:00","description":"CVC, \u00e9tudes incendie, ventilation, \u00e9oliennes, flux autour des b\u00e2timents, urbain, Feu, Fum\u00e9e. Confort thermique. Climat, Dispersion des polluants.","breadcrumb":{"@id":"https:\/\/arcofluid.fr\/index.php\/flair-gallery\/#breadcrumb"},"inLanguage":"fr-FR","potentialAction":[{"@type":"ReadAction","target":["https:\/\/arcofluid.fr\/index.php\/flair-gallery\/"]}]},{"@type":"ImageObject","inLanguage":"fr-FR","@id":"https:\/\/arcofluid.fr\/index.php\/flair-gallery\/#primaryimage","url":"http:\/\/arcofluid.fr\/wp-content\/uploads\/2015\/05\/course-2mn-150x150.jpg","contentUrl":"http:\/\/arcofluid.fr\/wp-content\/uploads\/2015\/05\/course-2mn-150x150.jpg"},{"@type":"BreadcrumbList","@id":"https:\/\/arcofluid.fr\/index.php\/flair-gallery\/#breadcrumb","itemListElement":[{"@type":"ListItem","position":1,"name":"Home","item":"https:\/\/arcofluid.fr\/"},{"@type":"ListItem","position":2,"name":"Flair Etudes de cas en chauffage, ventilation, climatisation &#038; feu"}]},{"@type":"WebSite","@id":"https:\/\/arcofluid.fr\/#website","url":"https:\/\/arcofluid.fr\/","name":"arcofluid","description":"Service et logiciels en m\u00e9canique des fluides","publisher":{"@id":"https:\/\/arcofluid.fr\/#organization"},"potentialAction":[{"@type":"SearchAction","target":{"@type":"EntryPoint","urlTemplate":"https:\/\/arcofluid.fr\/?s={search_term_string}"},"query-input":{"@type":"PropertyValueSpecification","valueRequired":true,"valueName":"search_term_string"}}],"inLanguage":"fr-FR"},{"@type":"Organization","@id":"https:\/\/arcofluid.fr\/#organization","name":"Arcofluid","url":"https:\/\/arcofluid.fr\/","logo":{"@type":"ImageObject","inLanguage":"fr-FR","@id":"https:\/\/arcofluid.fr\/#\/schema\/logo\/image\/","url":"https:\/\/arcofluid.fr\/wp-content\/uploads\/2015\/08\/Arcofluidfrlogor-e1439678519705.png","contentUrl":"https:\/\/arcofluid.fr\/wp-content\/uploads\/2015\/08\/Arcofluidfrlogor-e1439678519705.png","width":383,"height":51,"caption":"Arcofluid"},"image":{"@id":"https:\/\/arcofluid.fr\/#\/schema\/logo\/image\/"}}]}},"_links":{"self":[{"href":"https:\/\/arcofluid.fr\/index.php\/wp-json\/wp\/v2\/pages\/112","targetHints":{"allow":["GET"]}}],"collection":[{"href":"https:\/\/arcofluid.fr\/index.php\/wp-json\/wp\/v2\/pages"}],"about":[{"href":"https:\/\/arcofluid.fr\/index.php\/wp-json\/wp\/v2\/types\/page"}],"author":[{"embeddable":true,"href":"https:\/\/arcofluid.fr\/index.php\/wp-json\/wp\/v2\/users\/5"}],"replies":[{"embeddable":true,"href":"https:\/\/arcofluid.fr\/index.php\/wp-json\/wp\/v2\/comments?post=112"}],"version-history":[{"count":22,"href":"https:\/\/arcofluid.fr\/index.php\/wp-json\/wp\/v2\/pages\/112\/revisions"}],"predecessor-version":[{"id":1592,"href":"https:\/\/arcofluid.fr\/index.php\/wp-json\/wp\/v2\/pages\/112\/revisions\/1592"}],"wp:attachment":[{"href":"https:\/\/arcofluid.fr\/index.php\/wp-json\/wp\/v2\/media?parent=112"}],"curies":[{"name":"wp","href":"https:\/\/api.w.org\/{rel}","templated":true}]}}